(-359 + 307).
36
What is the value of 550 + -560 + (2 + 0 - (11 + -6))?
-13
Evaluate -19 + -98 + 136 + -15.
4
What is the value of -10 - (-9 + 2) - (-33 + -4) - 10?
24
What is 11 - 40 - (-10 - 8) - -23?
12
-16 + 1 + 8 + 12 - -32
37
0 + (50 + -7 - 60)
-17
Calculate (-15 - (62 - 111)) + 8.
42
What is the value of 93 + (-33 - -119) + -189?
-10
What is the value of (5 - (5 - -9)) + (-72 + 18 - -15)?
-48
Evaluate -166 + 111 + 62 + 31 + 2 + -1.
39
What is 45 + -22 + -49 - -57?
31
What is -6 + (-20 - (-6 + -18) - -24)?
22
Calculate (53 - 10) + -39 - (5 + -1 - 8 - 37).
45
Evaluate (-3 - -32) + 232 + -247 - 82.
-68
Evaluate 202 - 243 - -67 - (-1 - (-3 + 1 - -2)).
27
What is the value of -34 - ((35 + -42 - 165) + -6)?
144
What is (9 - 8) + (2 - -8) - (67 + -70)?
14
What is the value of -25 - (-25 + 31 + 23 + -7)?
-47
6 + (4 - 7) + 4 + -2 + (24 - 115)
-86
Calculate (52 - 27 - -35) + 29.
89
-5545 + 5593 - (0 - -58)
-10
Evaluate (138 - (-81 + 101)) + -42.
76
Evaluate 10 - (-17 + (1 - -15) + 2 + 48).
-39
Evaluate 25 + -18 + (1 + -4 + 9 - (-59 + 12)).
60
What is 110 + (26 - (55 + (-62 - -36)))?
107
Evaluate (5 - 7) + (-3 - 5) + (15 + 21 - -3).
29
Evaluate (-13 + -1 + 1 - (110 + 15 + -126)) + 63.
51
What is the value of -377 + 269 - (-4 - 163)?
59
What is -16 - 26 - -55 - -21?
34
20 + 31 + (-50 - -13) - (-1 + 110 + -5)
-90
-3 + (1 - -5) + -11 + 19 + (-2 - -44)
53
What is the value of (-2 - -1) + -6 - (0 + 82 + 12385 + -12364)?
-110
Evaluate -34 + 19 - 11 - (-3 + -9) - -7.
-7
Calculate (2 - (3 - (-3 + 3))) + (-17 - -4) + -41.
-55
What is 48 + (20 - (-22 - -47)) + 13?
56
(-74 - -139) + -91 + 1
-25
Evaluate 66 + (44 - 63 - 61).
-14
What is -1 - ((-2 - (8 + -2) - (-200 + 156)) + 8)?
-45
Evaluate -89 + 2 + -6 + 8 + (-9 - -5) + -15.
-104
What is (27 - 15 - 11) + 26 + -51?
-24
112 - 110 - 101 - (-18 + (4 - 1))
-84
What is -17 + 19 + 16 + -16 + 17 + 0?
19
What is 7784 + -7725 - (7 - (1 - 1))?
52
Calculate 66 + (43 - (129 - 36)).
16
20 - (-156 + 149 - (-8 + 3))
22
20 - -1 - (86 + -52) - 11
-24
Calculate -2 - (14 + (-33 - -43)).
-26
Calculate (23 - -3 - 20) + (0 - -36).
42
Calculate (-9 - (16 + -23) - 14 - -11) + (51 - 1).
45
Evaluate 0 + -17 + (-57 - -76) + -18.
-16
What is the value of 8 - -15 - -4 - (-87 - -172)?
-58
Calculate -9 + 8 - (-50 + 35 + 6).
8
Evaluate (8 - 3) + 21 + -19 + 18.
25
Calculate -19 - (-7 - 17 - -20 - -29).
-44
Calculate -13 - ((5 - 2) + (-8 - 12)).
4
What is -34 - -60 - (111 + -75)?
-10
What is -13 + -109 - -106 - (4 - -123)?
-143
(-5 + -1 - -7 - -3) + -18 + 9 - 57
-62
(13 - -2) + -28 - (1 + -4 - 59)
49
-8 - -3 - -6 - ((1 - 46) + -8 + 4)
50
-45 + -74 + 146 - 49
-22
What is -11 + -14 + (22 - 30) + -82 + -22?
-137
-2438 - -2456 - ((-1 - -1) + 59)
-41
Calculate -2 + (-20 - ((17 - 53) + 22)).
-8
What is the value of 4 - (7 + -2) - (-56 - -9)?
46
What is the value of (2 - (6 - 2)) + (-9 - (-23 - (-24 + -6)))?
-18
Evaluate (-7 - -1) + (-59 - (33 - 66)) + 8.
-24
What is the value of (-59 - -28) + -94 - -202?
77
Evaluate (-60 - -72 - 1) + -4.
7
Evaluate (-1 - 8) + (2573 - 2565).
-1
What is -48 + (66 - (9 + 94))?
-85
What is the value of (-11 - (-7 + 8) - -14) + -8 + (50 - -2)?
46
Calculate 11 + -1 - (-2420 + 2419) - (-3 + -1).
15
Evaluate 47 - (-3 + -14) - 39.
25
What is the value of 45 + -85 + 58 + 22?
40
Calculate ((-6 - -2) + 13 - (-20 - (-22 + -6))) + -1.
0
Calculate -1 - (-43 - 8) - (-13 - -25).
38
Calculate -25 + 1 + (-560 - -558) - 79.
-105
What is the value of (634 - 656) + -97 + 1 + 18 + 17?
-83
Calculate -93 + 4 + 16 + 2 + 35.
-36
Evaluate -62 + 56 + -44 - 33.
-83
What is -118 + -30 + 88 - -55?
-5
Evaluate -19 - (164 - 109) - -120.
46
(0 - 10) + (10 - 5 - (-4 + -7 + 17))
-11
What is (-46 - -2) + 1275 + -1198?
33
What is the value of -65 - -32 - (-18 - 8) - (16 - 1)?
-22
Calculate (-145 - (-15 + -13)) + 60.
-57
What is the value of (2 - 51) + 31 + (-6 - 2) + -36 + -9?
-71
What is the value of (-71 - (1 + -3)) + (-16 + 9 + 17 - 10)?
-69
Evaluate -11 - (78 + -91) - (0 + -51) - 8.
45
Evaluate 199 - 146 - (-34 + 105).
-18
What is the value of -3 + (1 + 6 - -9) + (36 - -33) - -8?
90
What is 2 + 2 - (-5 - -3) - (223 + -195)?
-22
What is the value of 21 + 15 + -25 + -29 + 26?
8
Calculate (-3 - -8) + 15 - (-885 + 865).
40
What is -9 - 1 - (-9 - (6 + -36) - 2)?
-29
What is 2 - (-24 + -91 + (2 - 2) + -22)?
139
What is 137 - (-252 + 139 - -116)?
134
157 + -148 - (1 + -1 + (2 - 23) + -5)
35
Evaluate 75 - (18 + (-51 + 6 - -12)).
90
What is the value of (0 - -2) + (0 + (21 - 30) - -14)?
7
What is (-1 - 2) + (-50 - (-17 + -28))?
-8
What is the value of (-61 - -2) + (12 - (-5 + 6 - 3)) + -13?
-58
Calculate (-115 + 119 - (0 + -2 + (-5 - -13))) + 104.
102
What is the value of -1 + -2 - (-14 - 6 - (-17 + -1)) - 85?
-86
Calculate -1 - (-11 + 45 + -14 + -7 - (99 - 7)).
78
What is the value of (-38 - 4) + (1 - 7) + (37 - 23) + -5?
-39
What is the value of (-36 + 39 - -9) + -67?
-55
What is -1 - (-47 - (42 + -55) - -47)?
-14
What is the value of 0 - ((-8 - 24) + 18) - (1 + -2)?
15
(54 - -6) + 26 - 64
22
Calculate -56 + (-2 - (-28 + 13 + (7 - 10))).
-40
(50 - (138 - 22 - 50)) + 82 + 1
67
What is the value of -18 - (10 - (14 - 5)) - -10 - -9?
0
-2 + -3 + 7 + 3 + -63
-58
What is the value of -2 + 4 + 0 + 876 + -993?
-115
3 + -2 + 2 - (15 - (32 + -15))
5
Evaluate -3 - (-72 + (-809 + 807 - (-2 + 1 + -6))).
64
Calculate 5 + (-6 - -2) + (32 + -55 - -14).
-8
What is the value of -10 - (25 + (46 - 74))?
-7
What is the value of -567 + 477 + 1 + (10 - -2)?
-77
Evaluate -1 - (-4 + 2) - 1 - (-12 + (68 - 62)).
6
Evaluate 13 + -72 + 46 + (3 - (-63 - -3)).
50
7 - ((0 - -2) + 0 - (98 - 85) - -109)
-91
What is -40 - (-29 + (44 + -6 - 32))?
-17
Evaluate 27 - (18 + 4) - (1 + -31).
35
(-91 - -53) + 234 + -124
72
Calculate -21 - -23 - (-2 - 0 - 13).
17
Evaluate 27 + 1 + (-35 - -16) + -34 + -1.
-26
What is the value of 3 + -59 + -3 + (30 - (22 + -37 + 51))?
-65
Evaluate 297 + -364 - (-85 - -7).
11
29 - (5 + 15 + (0 - -9) + -24)
24
What is the value of 18 - -21 - (55 - -21)?
-37
What is the value of 1 + -41 - (18 - (54 + 32 + -62))?
-34
What is 47 - -66 - (-102 + 109)?
106
What is the value of -454 + 414 + (-3 - -3)?
-40
What is ((9 - 6 - -11) + -6 - 12) + -23?
-27
Calculate 91 - (-1 - (2 - 3) - (66 + (53 - 115))).
95
What is 1 + (0 - -9) + -10 - (0 - (-4 - -42))?
38
Evaluate 420 - (142 - -280) - ((-1 - (0 + -1)) + -9).
7
What is the value of 53 + (0 - 12) + (-2 - (-10 - 1))?
50
(741 - (658 + 85)) + (0 - -8 - (0 - -1))
5
What is the value of (44 - 134 - -78) + -13 + 2?
-23
Calculate 15 - (-6 + -56) - 79.
-2
What is (-1 - -27) + -6 + (61 - 31 - 36)?
14
Evaluate (-14720 - -14658) + (122 - 0).
60
What is the value of 32 - (-8 + -14 + (17 - -20) + -20)?
37
-45 + (-10 + 41 - -3) - -92
81
What is the value of -10 + -10 + (-16 - -91 - (1 + (-8 - -8)))?
54
What is the value of (-33 - -19 - -54) + -13 + 10 + (-1 - -1)?
37
30 - (-61 + 27 + 5 + 19 - (1 + -11))
30
Evaluate 13 + (-1 - 7) - (172 - 159).
-8
What is the value of 14 - (15 + 13) - -10?
-4
What is (-8 + 13 - -6) + -16 - (10 + -24)?
9
Calculate 19 + 6 + -8 + 10 - 9.
18
(-1 - -2 - 3) + 0 + 1510 + -1535
-27
What is the value of (17 - 0) + (-42 - (15 + -74 - -29))?
5
Evaluate (-56 + -9 - -58) + 27 + (4 - 4).
20
Calculate (-26 - -4) + 7 - (9 + 54 + 40).
-118
Evaluate 8 + -19 + -1 + (10 - 5 - 8 - -79).
64
Evaluate (0 + 1 + -6 - (-153 + 55)) + -20.
73
What is the value of 2 + 7 + (7 + 30 - (5 + 14))?
27
What is 164 + -57 + -13 - 93?
1
Calculate -70 - (61 + -23 + -82) - (9 + -1).
-34
What is the value of -83 + (-66 + 111 - -12)?
-26
What is the value of (-136 - -79) + 53 + 14?
10
What is the value of (-28 - -1 - 2) + (-363 - -383)?
-9
What is the value of 120 + (-1 - (-18 + 1) - (1086 - 1063))?
113
What is 361 + -350 - (-3 - 11)?
25
What is the value of -34 - (-109 - (19 + -32))?
62
Calculate (-55 - (26 - (-19 - -12))) + -24 + 6 + 1.
-105
What is (15 - 6) + (-125 - (1 + (-8 - 5)))?
-104
-40 - ((417 - 402) + (-26 - 1))
-28
Evaluate (-3 - -31) + (4117 - 4078).
67
What is -82 + -39 + -6 + 8 - (19 + -40)?
-98
What is 24 - (2 - -19 - 8) - (-10 + 84)?
-63
What is the value of (13 - (2 - -3)) + (123 - 126)?
5
-110 - -1 - (184 - -28 - 245)
-76
Evaluate -2 + 0 - (-44 + 14 - (77 + -40)).
65
43 - ((-8 - 0) + -12 + 1 + 21)
41
What is the value of -39 + -27